/32*(-22)/(-3). Suppose 2 - 36 = -5*m + s, -m - 4*s = -u. Suppose -11 = -2*l + 41. What is the remainder when l is divided by m?
5
Suppose -4*c + w = -33, 0 = -3*c + 7*c + 4*w - 8. Let f = -5 + 13. Let x = 19 + f. Calculate the remainder when x is divided by c.
6
Suppose -6 = -8*v + 2. What is the remainder when 3 is divided by (18/(-6))/(v/(-1))?
0
Let k(s) = s**3 + 5*s**2 - 9*s - 11. Let d = 83 - 35. Suppose -5*a + 148 = d. Calculate the remainder when a is divided by k(-6).
6
Suppose -o + 34 = -h - 35, -3*o - 3*h = -183. Let z be ((-4)/8 + 1)*-232. Let u = -82 - z. Calculate the remainder when o is divided by u.
31
Suppose i = 5*r - 145, 0 = -7*i + 4*i. Let d = -164 - -282. Let s = d - 102. What is the remainder when r is divided by s?
13
Let s = 5 + 29. Let m(o) = 4*o**3 + o**2 + 2*o - 2. Let r be m(1). Suppose r*i - i - 20 = 0, -3*i - 3 = -x. Calculate the remainder when s is divided by x.
16
Let u = -30 + 68. Let k(a) = 5*a**2 - 2*a - 1. Let v be k(2). What is the remainder when u is divided by ((-84)/v)/((-14)/35)?
10
Suppose 2863 = 10*s + 263. What is the remainder when s is divided by 94?
72
Let y = 180 - 76. Calculate the remainder when y is divided by 2.
0
Suppose 40*i - 444 = -2*u + 44*i, -5*u + 3*i = -1145. What is the remainder when u is divided by 26?
24
Let y = 11 + -4. Suppose -5*z + 10 = 5*h, -2*z + 2 = h + 3*z. Suppose -4*q + 0 - 1 = m, 0 = h*m - 2*q - 8. Calculate the remainder when y is divided by m.
1
Let k = -9 + 15. Suppose i = 3*i. Suppose -k*y + 8*y - 92 = i. What is the remainder when y is divided by 12?
10
Let x = 116 - 82. Let u = -1549 - -1558. What is the remainder when x is divided by u?
7
Let w(q) = q**2 + 4*q + 4. Let p be w(4). Let o = 20 - p. Let v = 49 + o. Calculate the remainder when v is divided by 6.
3
Suppose -10*i + 384 = -2*i. Suppose -38*w = -35*w - i. Calculate the remainder when 142 is divided by w.
14
Let c = 380 - 374. What is the remainder when 41 is divided by c?
5
Let n = 6 + 2. Suppose -19 = -2*l + g, 5*l - 3*l - 5*g = 39. Let c = 20 - l. Calculate the remainder when c is divided by n.
5
Suppose -51 = -2*s - t, -t - 3 = 2*t. Suppose -27 = -29*j + s*j. Calculate the remainder when 25 is divided by j.
7
Suppose 9*l - 20 = 8*l. What is the remainder when 37 is divided by l?
17
Let j(u) = -9*u**2 + 1. Let o be j(1). Let p = o + 23. Calculate the remainder when 28 is divided by p.
13
Let d(u) = -2*u - 8. Let h be d(4). Calculate the remainder when (h - -6)/((-2)/4) is divided by 11.
9
Let a(i) = i**3 - i**2 - 6. Let v be a(4). What is the remainder when (-9185)/(-35) + (-18)/v is divided by 12?
10
Let g(j) = -j**3 - 5*j**2 - 7*j + 1. Let s be g(-3). What is the remainder when (-1)/((-8)/828)*s/3 is divided by 47?
44
Suppose -4*w = -i + 4, -5*i = -w - 0*w - 58. Let x(n) = n**3 - 13*n**2 + 15*n - 9. What is the remainder when x(i) is divided by 14?
13
Let l = -10 + 16. Let f be 0/(-5*(-4)/20). Suppose -5*t = -3*c + 43, 4*t = 5*c - f*t - 89. What is the remainder when c is divided by l?
3
Calculate the remainder when ((-10)/45)/((-37)/4329) is divided by 1*(1 + 4 - -1).
2
Let u(k) = k**3 + 4*k + 5 - 14*k**2 + 6 - 14*k + 3*k**2. What is the remainder when u(12) is divided by 13?
9
Suppose l - w - w = 3, 0 = l - w. What is the remainder when (-39)/6*l/3*2 is divided by 4?
1
Let t(h) = -h**3 - 6*h**2 + 11*h. What is the remainder when 239 is divided by t(-8)?
39
Suppose -374 = -4*s + 2*o, 0 = -5*s + 9*s - 4*o - 372. What is the remainder when s is divided by 85?
9
Suppose -w + z = -3*z - 50, -2*w = z - 82. Suppose -2*s + a + 26 = 0, 0 = 3*s - 2*s - 4*a + 1. What is the remainder when w is divided by s?
12
Suppose 4*z - 31 = -5*a, 2*a - 1 = 2*z + 15. Let l = 15 - -11. Calculate the remainder when l is divided by a.
5
Suppose -7*n + 119 = -63. Suppose 2*o - n = 4*v, 3*v - 5 = 3*o - 5*o. Calculate the remainder when 17 is divided by o.
3
Let u(z) = -z - 1. Suppose 6*n - 348 = -6*n. Calculate the remainder when n is divided by u(-6).
4
Suppose 11*a - 884 = -202. Let p = 80 - a. What is the remainder when 50 is divided by p?
14
Let k(r) = -2*r - 1. Let t = 14 + -23. What is the remainder when (-4)/14 + 452/14 is divided by k(t)?
15
Suppose -3*z + 3*r + 855 = 0, -5*z - 3*r + 1393 = -0*z. What is the remainder when z is divided by 32?
25
Suppose 4*u = -0*u - 48. Calculate the remainder when 40 is divided by u/8*(-84)/9.
12
Suppose -175 - 17 = -8*y. Calculate the remainder when y is divided by 22.
2
Calculate the remainder when 145*((-23)/(-5) + -11 + 7) is divided by 18.
15
Suppose -5*o - 361 = -3*b, b - 4*o - 132 = -0*b. What is the remainder when 332 is divided by b?
108
Let q be 2*(-2)/(12/159). Let o = q + 37. Let y = o - -26. What is the remainder when 19 is divided by y?
9
Let i(j) = -18*j - 142. Let a = -24 - -44. Calculate the remainder when i(-12) is divided by a.
14
Let l(z) = -33*z + 431. Let t = 7 + -11. Let u = -2 - t. Calculate the remainder when u is divided by l(13).
0
Suppose l = v - 5, 5*v - l + 0 - 5 = 0. Let t(g) = -g**2 + 3*g - 2. Let k be t(2). Suppose k*o - 2*o + 68 = v. What is the remainder when o is divided by 12?
10
Let t(o) = o**2 + 45*o + 525. Calculate the remainder when 929 is divided by t(-26).
30
Suppose 68*r - 63*r - 220 = 0. Calculate the remainder when 38 is divided by 33/r + 74/8.
8
Let t(y) = -y**2 + 17*y + 21. Let x be t(19). Calculate the remainder when 133 is divided by (x/(-2))/((-10)/(-20)).
14
Let s be (-3)/(27/(-6) - -4). Suppose -t + 11 - s = 0. Suppose -t*b + 3 + 52 = 0. What is the remainder when 42 is divided by b?
9
Suppose 8*u - 523 - 285 = 0. What is the remainder when u is divided by 23?
9
Suppose 12*o = 13*o - 4*c - 21, -c - 41 = -3*o. Calculate the remainder when 531 is divided by o.
11
Let z = -49 - -89. Let d = 120 - z. Suppose 0 = -2*r - 2*r + d. What is the remainder when 58 is divided by r?
18
Let w = 25 + -25. Suppose 6*x - 153 + 21 = w. Suppose 2*l = 4*h + 65 - 395, 4*l - 360 = -4*h. What is the remainder when h is divided by x?
19
Let m(a) = -a**2 - 29*a - 85. What is the remainder when 99 is divided by m(-25)?
9
Suppose 6*m - 31*m + 725 = 0. What is the remainder when 94 is divided by m?
7
Let t(n) = -10*n - 6. Let o(k) = 2*k + 1. Let x(s) = 14*o(s) + 3*t(s). Let y = 1 - 7. Calculate the remainder when 21 is divided by x(y).
5
Suppose -n + 4*q + 156 = 0, -q + 539 = -14*n + 18*n. What is the remainder when n is divided by 39?
19
Suppose 0 = 10*p - 12*p + 386. Suppose 4*m - p - 79 = 0. What is the remainder when m is divided by 35?
33
Let r(k) = 143*k**3 - 2*k**2 + k. Let b be r(1). Suppose 3*q = 5*o + b, -8*q + 4*q - 5*o = -131. What is the remainder when q is divided by 6?
3
Let b(k) = 25*k**2 + 2*k - 1. Let f = 62 - 77. What is the remainder when 294/f*10/(-4) is divided by b(1)?
23
Let t = -25 - -308. Calculate the remainder when t is divided by 15.
13
Let r be (-13 - -11)*274/(-4). Suppose 42 + r = d. Suppose 0 = 3*z + 4*w - d - 153, 0 = -5*w + 10. What is the remainder when z is divided by 22?
20
Let z = -29 + 54. Suppose 3*x - z - 38 = 0. Calculate the remainder when 59 is divided by x.
17
Suppose 34 - 11 = x. Let g(a) = -6*a. Let f be g(-1). Calculate the remainder when 46*2 - (9 - f) is divided by x.
20
Suppose -3*m = 5*f + 11, -6*m + 28 = -2*m - 4*f. Suppose 3*j + 3*i + 0*i = -3, -3*i = -m*j - 9. What is the remainder when (-37 + 2)/(j/2) is divided by 12?
11
Let v be (2/4)/(1/26). Let d(h) = -h**3 + 14*h**2 - 12*h - 8. Let l be d(v). Suppose 20 + 80 = l*j. Calculate the remainder when j is divided by 7.
6
Let y = 35 + 7. What is the remainder when y is divided by 18?
6
Let x(w) = -w**3 - 9*w**2 + 7. Let a = -248 - -250. What is the remainder when x(-9) is divided by a?
1
Let i(p) = p**3 + 15*p**2 - 10*p - 22. Calculate the remainder when i(-15) is divided by 13.
11
Let x be -4 + 33*5/15. Suppose -103 = -x*c + 65. Calculate the remainder when c is divided by 13.
11
Let d = -12 + 6. Let g(b) = b**2 + 4*b - 9. What is the remainder when 8 is divided by g(d)?
2
Suppose 4*y + 284 = -0*u + 3*u, 4*u = 4*y + 376. Calculate the remainder when 1376 is divided by u.
88
Suppose 2*y + 5*i = -2*y + 322, 2*i = y - 74. Suppose -3*m + y = -m. Suppose 4*g = g + m. What is the remainder when 51 is divided by g?
12
Suppose -l = -4*l - 6. Let z(x) = -25